rime number?
True
Is 15596048029 a prime number?
True
Is 8250632087 a composite number?
False
Is 7135947347 prime?
False
Is 41108335934 composite?
True
Is 1027685339 a composite number?
False
Is 6443794901 a composite number?
True
Is 41630635369 composite?
True
Is 10539460037 a prime number?
False
Is 2441404661 a composite number?
False
Is 220884379 prime?
False
Is 253988872901 prime?
True
Is 4581506317 composite?
False
Is 4906502729 a prime number?
True
Is 5687123983 a prime number?
False
Is 16320675659 a composite number?
False
Is 963683257 composite?
False
Is 1640234333 a prime number?
False
Is 187801299197 a prime number?
False
Is 345034679 a prime number?
False
Is 16667715181 a composite number?
True
Is 18721846571 a prime number?
True
Is 630994549 composite?
False
Is 1415092187 a composite number?
True
Is 23866042631 a prime number?
False
Is 5439889547 prime?
True
Is 22094668933 composite?
True
Is 153089943521 a prime number?
True
Is 185561733641 a prime number?
True
Is 30592991701 a prime number?
False
Is 2919238807 a composite number?
True
Is 2933085137 prime?
False
Is 24781592179 a composite number?
True
Is 8362140197 a prime number?
True
Is 109490861 a composite number?
True
Is 883528729 prime?
True
Is 779277542 a prime number?
False
Is 1753596253 composite?
True
Is 2884711129 prime?
False
Is 5328891437 composite?
False
Is 42175312213 composite?
False
Is 683869909 a prime number?
False
Is 1447085597 a composite number?
False
Is 44563268703 composite?
True
Is 2647231127 a composite number?
False
Is 1394235533 prime?
True
Is 2094594563 composite?
False
Is 1687994281 a prime number?
True
Is 8569364227 a prime number?
False
Is 11063174047 prime?
False
Is 2652168027 a composite number?
True
Is 2020178951 a prime number?
False
Is 986556889 a composite number?
True
Is 332119237 prime?
False
Is 3038532023 composite?
True
Is 4988112079 prime?
True
Is 1738467949 a prime number?
False
Is 2515083947 composite?
False
Is 167509630273 composite?
False
Is 48436739363 prime?
False
Is 21035283131 prime?
True
Is 37064381 a prime number?
True
Is 918553481 prime?
True
Is 151733008057 composite?
False
Is 83837681 a composite number?
True
Is 188991571 prime?
True
Is 330988663 a composite number?
False
Is 665676931 prime?
True
Is 24836270179 a prime number?
False
Is 556039987 a prime number?
False
Is 879797237 a prime number?
False
Is 143199377 a prime number?
False
Is 205842733 prime?
False
Is 15527618891 composite?
False
Is 156240216421 a composite number?
False
Is 5552712119 prime?
True
Is 5500924895 composite?
True
Is 4669438349 a prime number?
False
Is 9555738433 a prime number?
True
Is 4126885507 composite?
True
Is 19880587871 composite?
False
Is 16058149111 a composite number?
False
Is 364907519 a prime number?
False
Is 16204015831 a composite number?
False
Is 215265901 a composite number?
True
Is 25695941587 composite?
False
Is 11619248437 a prime number?
True
Is 34497077 prime?
True
Is 25566523 prime?
True
Is 22806818171 a composite number?
False
Is 63036692923 a composite number?
False
Is 166866793 a prime number?
True
Is 15229783157 a composite number?
True
Is 3897654169 composite?
True
Is 10176139 a prime number?
True
Is 3315857791 a prime number?
True
Is 1456547623 prime?
True
Is 41167704119 composite?
False
Is 41817642547 composite?
False
Is 256288013 a prime number?
True
Is 145021133 a composite number?
False
Is 1845655943 a composite number?
True
Is 4805533273 composite?
False
Is 1654757791 a composite number?
False
Is 8158353937 prime?
False
Is 717976927 prime?
False
Is 4647390841 composite?
False
Is 512167907 a prime number?
True
Is 135266296447 a composite number?
False
Is 567772321 composite?
True
Is 56286763151 composite?
False
Is 350923541 a prime number?
True
Is 32113573031 a composite number?
False
Is 190195751 a prime number?
False
Is 100276049099 prime?
True
Is 30935329 a prime number?
False
Is 729927049 a prime number?
False
Is 105573860369 a prime number?
False
Is 162913430209 prime?
False
Is 3161746711 a prime number?
True
Is 1064517379 prime?
True
Is 2128456651 a prime number?
True
Is 125384716783 composite?
False
Is 49797143819 composite?
False
Is 100298947657 a prime number?
False
Is 134863679185 composite?
True
Is 37451123 composite?
False
Is 186573083 composite?
True
Is 4161939481 prime?
False
Is 1899835109 a prime number?
True
Is 3184115219 prime?
False
Is 12201108203 a composite number?
True
Is 13631956973 composite?
True
Is 33399691091 a prime number?
False
Is 49082175887 a composite number?
False
Is 1124543839 a prime number?
True
Is 1616067673 a composite number?
True
Is 3527410015 a prime number?
False
Is 3610037273 prime?
False
Is 14162290279 a composite number?
False
Is 225672449 a prime number?
False
Is 24951090827 a prime number?
False
Is 26282865251 prime?
True
Is 4429561681 a prime number?
False
Is 1598336143 prime?
True
Is 16429692329 a composite number?
False
Is 607733759 a composite number?
True
Is 144653449 composite?
False
Is 6143207579 a prime number?
False
Is 7272449447 a composite number?
False
Is 1363739749 composite?
False
Is 31932636739 a prime number?
False
Is 2005440301 a prime number?
False
Is 83322433505 a prime number?
False
Is 3094190503 a composite number?
False
Is 680308379 a composite number?
False
Is 369595797 a composite number?
True
Is 75760187609 a prime number?
False
Is 47633873489 composite?
False
Is 3568930487 a composite number?
False
Is 240016067 composite?
True
Is 5537982454 composite?
True
Is 3608457431 composite?
True
Is 28622540927 a composite number?
False
Is 1277596513 a prime number?
False
Is 10691423081 a composite number?
True
Is 41093980241 composite?
True
Is 6994752481 prime?
False
Is 1705780829 prime?
True
Is 629805973 prime?
True
Is 142668081077 a prime number?
True
Is 11602391 a composite number?
False
Is 1249509883 a composite number?
False
Is 2459827047 a prime number?
False
Is 1104367361 a composite number?
True
Is 63983369469 a composite number?
True
Is 28767120295 a prime number?
False
Is 30670392917 a prime number?
True
Is 65144987 a composite number?
True
Is 3490906129 a prime number?
False
Is 1444435961 a composite number?
False
Is 5286642701 a prime number?
True
Is 59992715009 a prime number?
False
Is 87987732907 prime?
True
Is 9243938317 a composite number?
False
Is 1645358507 composite?
True
Is 47032091 composite?
False
Is 228578743471 a prime number?
False
Is 1278923423 a prime number?
False
Is 10781858563 a prime number?
False
Is 1254180773 composite?
True
Is 34970410887 composite?
True
Is 949222453 a prime number?
False
Is 10354346231 a composite number?
True
Is 1872783641 a composite number?
False
Is 107795633069 a composite number?
False
Is 11650854133 a prime number?
True
Is 85309510019 a prime number?
True
Is 4116561853 prime?
True
Is 5881196693 a prime number?
False
Is 6458802341 a composite number?
False
Is 5685836641 a prime number?
True
Is 53326026209 a prime number?
False
Is 5759858129 prime?
True
Is 1605758027 prime?
True
Is 1998380831 prime?
True
Is 2801214051 a prime number?
False
Is 4314658511 composite?
False
Is 469401941 a composite number?
True
Is 34839654809 composite?
False
Is 2663351849 a composite number?
True
Is 77420467 composite?
False
Is 67243214657 composite?
False
Is 2293368841 composite?
True
Is 3660275789 a composite number?
True
Is 29638123201 a prime number?
True
Is 72097526233 prime?
True
Is 586647739 prime?
True
Is 5064618041 a prime number?
False
Is 2534543831 a composite number?
False
Is 546516079 prime?
True
Is 19422811 composite?
True
Is 16253857241 prime?
False
Is 7552837163 a composite number?
True
Is 606746457455 composite?
True
Is 1883552197 composite?
True
Is 9514564991 prime?
False
Is 4640140931 a prime number?
True
Is 397779163 prime?
False
Is 122441972047 a prime number?
True
Is 683022103 a composite number?
False
Is 43035560411 composite?
False
Is 182876399189 prime?
False
Is 30023712517 composite?
False
Is 444449833 prime?
False
Is 14207210897 a composite number?
True
Is 7864337509 a prime number?
False
Is 5512522363 prime?
True
Is 339211100543 prime?
False
Is 811342747 a prime number?
True
Is 16894886789 prime?
False
Is 21699612911 prime?
True
Is 4588991111 composite?
False
Is 25650509431 composite?
False